e remainder when 2703222 is divided by 98.
88
Calculate the remainder when 63182 is divided by 44.
42
Calculate the remainder when 881944 is divided by 39.
37
Calculate the remainder when 23974 is divided by 1499.
1489
Calculate the remainder when 123509 is divided by 61683.
143
Calculate the remainder when 10658 is divided by 1448.
522
What is the remainder when 5529 is divided by 5500?
29
What is the remainder when 5379 is divided by 5374?
5
Calculate the remainder when 140814 is divided by 123.
102
What is the remainder when 51536 is divided by 146?
144
Calculate the remainder when 5427 is divided by 1688.
363
Calculate the remainder when 25549 is divided by 1416.
61
What is the remainder when 3248721 is divided by 582?
579
What is the remainder when 10818 is divided by 59?
21
What is the remainder when 25115 is divided by 67?
57
What is the remainder when 9632 is divided by 1486?
716
Calculate the remainder when 265751 is divided by 8.
7
What is the remainder when 896723 is divided by 76?
75
Calculate the remainder when 171259 is divided by 57079.
22
Calculate the remainder when 3603 is divided by 862.
155
Calculate the remainder when 252522 is divided by 31.
27
Calculate the remainder when 197058 is divided by 1428.
1422
What is the remainder when 429 is divided by 277?
152
What is the remainder when 16399 is divided by 311?
227
What is the remainder when 17599 is divided by 23?
4
What is the remainder when 1833 is divided by 911?
11
Calculate the remainder when 10350 is divided by 3427.
69
Calculate the remainder when 151653 is divided by 151585.
68
Calculate the remainder when 20355 is divided by 922.
71
Calculate the remainder when 9595 is divided by 373.
270
Calculate the remainder when 1371029 is divided by 5.
4
Calculate the remainder when 8528 is divided by 97.
89
What is the remainder when 77955 is divided by 183?
180
Calculate the remainder when 12042 is divided by 317.
313
Calculate the remainder when 1457 is divided by 1175.
282
What is the remainder when 25728 is divided by 1942?
482
Calculate the remainder when 3743 is divided by 3271.
472
What is the remainder when 13588 is divided by 591?
586
Calculate the remainder when 4865 is divided by 88.
25
What is the remainder when 18175 is divided by 224?
31
Calculate the remainder when 2108 is divided by 53.
41
Calculate the remainder when 56629 is divided by 1571.
73
Calculate the remainder when 25362 is divided by 800.
562
Calculate the remainder when 4452 is divided by 34.
32
Calculate the remainder when 5778 is divided by 144.
18
Calculate the remainder when 259229 is divided by 15.
14
Calculate the remainder when 76934 is divided by 203.
200
Calculate the remainder when 322 is divided by 63.
7
What is the remainder when 70779 is divided by 70751?
28
What is the remainder when 167290 is divided by 55?
35
Calculate the remainder when 8765 is divided by 4380.
5
What is the remainder when 781 is divided by 165?
121
What is the remainder when 65575 is divided by 13113?
10
Calculate the remainder when 91731 is divided by 244.
231
What is the remainder when 44470 is divided by 2340?
10
What is the remainder when 95241 is divided by 10582?
3
Calculate the remainder when 5058 is divided by 786.
342
What is the remainder when 191443 is divided by 15?
13
Calculate the remainder when 14175 is divided by 4258.
1401
Calculate the remainder when 4179 is divided by 1368.
75
What is the remainder when 74563 is divided by 7?
6
Calculate the remainder when 401271 is divided by 19.
10
What is the remainder when 701 is divided by 93?
50
What is the remainder when 447441 is divided by 12?
9
What is the remainder when 16109 is divided by 3628?
1597
Calculate the remainder when 25450 is divided by 591.
37
What is the remainder when 68785 is divided by 17191?
21
Calculate the remainder when 68057 is divided by 1238.
1205
What is the remainder when 310863 is divided by 69?
18
Calculate the remainder when 50837 is divided by 40.
37
What is the remainder when 578583 is divided by 192859?
6
Calculate the remainder when 20748 is divided by 20.
8
What is the remainder when 1457 is divided by 661?
135
Calculate the remainder when 48770 is divided by 323.
320
What is the remainder when 228115 is divided by 683?
676
What is the remainder when 351508 is divided by 50215?
3
Calculate the remainder when 1059839 is divided by 34.
25
Calculate the remainder when 103115 is divided by 716.
11
Calculate the remainder when 36262 is divided by 636.
10
What is the remainder when 35749 is divided by 51?
49
Calculate the remainder when 5584 is divided by 35.
19
What is the remainder when 305234 is divided by 548?
546
Calculate the remainder when 12881 is divided by 227.
169
What is the remainder when 17447 is divided by 436?
7
What is the remainder when 14891 is divided by 2472?
59
What is the remainder when 5005 is divided by 268?
181
Calculate the remainder when 47703 is divided by 2649.
21
Calculate the remainder when 6211 is divided by 1549.
15
What is the remainder when 46707 is divided by 12?
3
What is the remainder when 2209 is divided by 386?
279
What is the remainder when 5528 is divided by 5443?
85
Calculate the remainder when 78790 is divided by 98.
96
What is the remainder when 8155 is divided by 249?
187
What is the remainder when 2649434 is divided by 267?
260
Calculate the remainder when 103475 is divided by 260.
255
What is the remainder when 62716 is divided by 103?
92
Calculate the remainder when 4079 is divided by 4070.
9
Calculate the remainder when 24542 is divided by 81.
80
Calculate the remainder when 2955786 is divided by 788.
786
What is the remainder when 1640731 is divided by 36?
31
Calculate the remainder when 3477 is divided by 350.
327
What is the remainder when 297646 is divided by 141?
136
What is the remainder when 65679 is divided by 223?
117
What is the remainder when 11545 is divided by 28?
9
Calculate the remainder when 3222 is divided by 10.
2
Calculate the remainder when 586168 is divided by 195354.
106
What is the remainder when 7294 is divided by 175?
119
Calculate the remainder when 2165 is divided by 2078.
87
What is the remainder when 865372 is divided by 269?
268
What is the remainder when 65597 is divided by 32?
29
What is the remainder when 813645 is divided by 804?
801
Calculate the remainder when 2447 is divided by 166.
123
Calculate the remainder when 161297 is divided by 40300.
97
Calculate the remainder when 9241 is divided by 9229.
12
Calculate the remainder when 584157 is divided by 504.
21
What is the remainder when 89043 is divided by 53?
3
Calculate the remainder when 76173 is divided by 23.
20
What is the remainder when 52951 is divided by 1393?
17
Calculate the remainder when 817 is divided by 109.
54
Calculate the remainder when 47748 is divided by 157.
20
What is the remainder when 241019 is divided by 48?
11
What is the remainder when 1365 is divided by 64?
21
Calculate the remainder when 537 is divided by 21.
12
What is the remainder when 76954 is divided by 52?
46
What is the remainder when 13266 is divided by 418?
308
Calculate the remainder when 11050 is divided by 5171.
708
Calculate the remainder when 17045 is divided by 116.
109
Calculate the remainder when 67039 is divided by 16.
15
Calculate the remainder when 4852 is divided by 498.
370
What is the remainder when 8314 is divided by 66?
64
What is the remainder when 24145 is divided by 24?
1
Calculate the remainder when 8498 is divided by 510.
338
Calculate the remainder when 20579 is divided by 82.
79
Calculate the remainder when 3829 is divided by 319.
1
Calculate the remainder when 57246 is divided by 206.
184
What is the remainder when 1816 is divided by 782?
252
Calculate the remainder when 58446 is divided by 86.
52
What is the remainder when 10575 is divided by 6?
3
What is the remainder when 11489 is divided by 22?
5
What is the remainder when 5183 is divided by 61?
59
What is the remainder when 13124 is divided by 243?
2
Calculate the remainder when 1572878 is divided by 314574.
8
Calculate the remainder when 13751 is divided by 1992.
1799
What is the remainder when 1786 is divided by 17?
1
Calculate the remainder when 82189 is divided by 176.
173
Calculate the remainder when 837 is divid